f and z.
10
Let o be ((-2)/2)/(1/(-10)). Suppose 0 = -5*x - 234 + 89. Let l = x + 39. What is the greatest common divisor of l and o?
10
Suppose 4*j - 166 + 15 = r, 0 = 5*r - 25. Let y be j/(-4)*(-5 - (-4 - -3)). Let n = 86 + -60. Calculate the greatest common divisor of n and y.
13
Suppose 0*s = 2*t + 4*s + 12, 5*t + 3*s + 44 = 0. Let k = 32 + t. Suppose -7*r + 3*r = -704. Calculate the highest common divisor of r and k.
22
Let t be 92/(-6)*(-9)/6. Suppose -5*x = -9*x - 4*r + 284, -2*x + 140 = r. What is the highest common factor of x and t?
23
Let u be 348 + (-42)/(-6) - 5. Calculate the highest common divisor of u and 50.
50
Let g = -926 + 955. What is the greatest common factor of 29 and g?
29
Let p = -41 - -55. Let k = 28 - 0. Calculate the greatest common divisor of p and k.
14
Let f(s) = -3*s**2 - 119*s + 166. Let v be f(-41). Calculate the highest common factor of 37 and v.
1
Suppose 28 = 3*u - 17. What is the highest common factor of u and 105?
15
Let h be (-385)/2*((-24)/(-6) + -6). Calculate the highest common factor of 55 and h.
55
Let a = 234 + -184. Let p(z) = 7*z - 1. Let u be p(3). Calculate the greatest common factor of a and u.
10
Suppose -4*h - 646 = -z, -3*z + 7*h = 9*h - 1952. Calculate the highest common factor of 50 and z.
50
Let p(n) = -36*n + 2. Let r be p(-1). Calculate the highest common factor of r and 6.
2
Suppose 6*j = -4*q + 3*j - 3, 4*q + 5*j = -5. Suppose 5*w - 15 = -0*w. Suppose 0 = -q*d + w*d - 54. What is the highest common divisor of 126 and d?
18
Suppose -6*o + 9*o - 6 = 0. Suppose -47 = -o*c + 53. Calculate the greatest common factor of 125 and c.
25
Suppose 262 - 100 = 6*x. What is the highest common divisor of x and 45?
9
Let h = -7 - 3. Let f = -6 - h. Suppose 3*o = -r + 19, f*o + 0 = 4. Calculate the greatest common factor of 80 and r.
16
Let a be (1268/10 + -11 + (-153)/(-15))*1. Suppose -j + 4*h + 68 = 3*j, 5*h = -5*j + 55. Calculate the greatest common divisor of a and j.
14
Let t(x) be the first derivative of -x**2/2 + 12*x - 1. Let r = 5 - 0. Let w be t(r). Calculate the greatest common factor of 56 and w.
7
Let a be 4*1*(-4)/(-8). Suppose 3*w - 100 = -4*f, a*w - w - 36 = -2*f. What is the greatest common divisor of 4 and w?
4
Let v(x) = -x**3 - 8*x**2 + 7*x + 13. Let k be v(-9). Let o = k + -21. What is the greatest common divisor of 50 and o?
10
Suppose 10*b = 31 + 369. What is the greatest common divisor of 260 and b?
20
Let o = 1067 + -1055. What is the highest common divisor of 102 and o?
6
Let i(u) = -u**2 + 3*u + 18. Let m be i(5). Let r(d) = 2*d**2 + d - 2. Let p be r(2). Calculate the greatest common factor of m and p.
8
Let w be 1 + -2 + (-1 - -4). Suppose 30 = 7*j - w*j. What is the highest common factor of j and 3?
3
Suppose 0 = -6*h + h. Suppose 0*n - n - 63 = h. Let r be (-6)/9*1*n. What is the greatest common factor of r and 21?
21
Suppose 0 = 5*l - 2*d + 79, 5*l + 2*d = -2*d - 67. Let p be ((-84)/l)/(2/5). What is the greatest common divisor of p and 98?
14
Let q = -11 - -13. Suppose 33 = -3*f - 3*y + 192, 0 = -2*y - q. Suppose j = -d + f, 0 = j + 2*d - 45 - 9. What is the greatest common factor of j and 36?
18
Suppose -13*i - 2144 + 5524 = 0. Calculate the greatest common factor of i and 325.
65
Suppose 0 = 4*v + 2*y - 74, -y = 2*v + 2*y - 47. Let i(x) = -5*x - 56. Let g be i(-16). Calculate the highest common factor of g and v.
8
Let c be (-40)/4*2/(-5). Suppose -p - 51 = -c*p. What is the greatest common divisor of p and 17?
17
Suppose -5*u + 5*l = 2*l - 85, 31 = 4*u + 5*l. Suppose t - u = -12. Suppose 53 = 3*o - 4*s + 3, 3*s = 3*o - 54. What is the highest common factor of t and o?
2
Let w be (((-21)/(-3))/1)/1. Suppose w*r - 17 = 6*r. Calculate the greatest common divisor of r and 136.
17
Let b(p) = -p**2 - 4*p + 24. Suppose s + 9*s + 70 = 0. Let a be b(s). What is the greatest common factor of 4 and a?
1
Let l(t) = 12*t + 48. Let d be l(9). Calculate the highest common factor of 208 and d.
52
Suppose -4*i = -r + 282, 0*i + i = -2*r + 528. Calculate the greatest common divisor of r and 112.
14
Let j(o) = o + 25. Let s be 4 + 2 + 44/(-2). Let y be j(s). Suppose 0 = -4*a - y + 61. Calculate the highest common divisor of 39 and a.
13
Suppose 0 = -114*k + 119*k - 300. Calculate the highest common divisor of 600 and k.
60
Let l(h) = -h**3 - 4*h**2 + 24*h - 10. Let i be l(-8). What is the highest common divisor of i and 153?
9
Let j(f) = -5*f - 12. Let y be j(-33). Calculate the highest common divisor of y and 663.
51
Suppose -704 = 19*x - 23*x. What is the greatest common divisor of 4 and x?
4
Let h be (-1628)/(-14) - (-8)/(-28). Suppose 0 = -2*t + 4*n + 66, t - n = 15 + 16. What is the highest common factor of t and h?
29
Suppose 0 = 16*r - 10*r - 192. What is the highest common factor of 16 and r?
16
Let d be ((-44)/(-3))/(((-8)/(-12))/1). Suppose 6*s - 495 = s. What is the greatest common factor of s and d?
11
Let q be (3 + 33/(-6))*-2. Suppose 2*y = q*y - 18. Let l = -36 + 78. Calculate the greatest common factor of y and l.
6
Suppose 279*m - 312 = 275*m. Suppose -12*r + m + 330 = 0. Calculate the highest common divisor of r and 68.
34
Suppose 7537 = 17*c + 2607. What is the highest common factor of c and 10?
10
Let o = -24 + 31. Suppose -5*p - 3*y = 602, 4*p + 3*y - o*y = -456. Let j = p + 243. What is the greatest common factor of j and 50?
25
Let k = -17 - -27. Suppose -3*m = -10*m + 630. What is the greatest common divisor of m and k?
10
Let f be (112/(-12))/((-4)/(-36)*-3). What is the greatest common factor of f and 112?
28
Let s = 9709 - 6587. What is the highest common factor of 14 and s?
14
Let s = 398 - 392. What is the greatest common divisor of s and 162?
6
Let p(g) = -2*g**2 + g - 5. Let y be p(3). Let h = y - -23. Calculate the highest common factor of 12 and h.
3
Let h = -4 + 8. Let y(p) = p**2 - 25*p + 156. Let l be y(9). What is the highest common divisor of h and l?
4
Let p = 137 - -19. Suppose 10*o + p = 6*o. Let f = -25 - o. Calculate the greatest common factor of f and 35.
7
Let k(h) = 39*h**2 - 20*h + 111. Let a be k(5). Calculate the highest common divisor of 58 and a.
58
Suppose 36 = 19*j - 18*j. Calculate the greatest common divisor of 84 and j.
12
Suppose 20 = s - 2*n, 4*s + 0*s = 5*n + 92. Let t be (-9)/(-15) - 1041/(-15). Calculate the highest common factor of t and s.
14
Let i = 553 + -541. Calculate the highest common divisor of 60 and i.
12
Let y = -143 + 239. Calculate the greatest common divisor of 240 and y.
48
Suppose 0 = 33*l - 15*l - 10998. Calculate the highest common factor of 47 and l.
47
Let o(r) = 27*r**2 - 1 + 7*r - 28*r**2 - 3. Let d be o(6). Let w be -12*(-2 - (0 - 1)). What is the greatest common divisor of d and w?
2
Let k(d) be the third derivative of -d**4/12 - d**3/6 - d**2. Let a be k(-3). Suppose 0 = -10*v + 610 - 510. Calculate the greatest common divisor of v and a.
5
Let q be (256/(-24))/((-4)/6). What is the highest common divisor of 1296 and q?
16
Let u = -86 + 89. Let m(y) be the first derivative of -y**4/4 + 7*y**3/3 - y**2/2 - 4*y - 1. Let f be m(u). Calculate the greatest common factor of 261 and f.
29
Suppose 2*o + 3*t - 158 = 0, -t = 2*o - 2*t - 150. Let i = -4966 - -4985. What is the greatest common factor of i and o?
19
Let q = -422 - -428. Suppose -z + 5*p = 61, z + 3*z + 124 = -4*p. Let g = -18 - z. What is the highest common divisor of g and q?
6
Suppose 167 = 6*i + 35. What is the highest common divisor of i and 2?
2
Let y = -32 - -19. Let n = -16 - y. Let m be (2/2)/(n/(-84)). What is the greatest common divisor of m and 112?
28
Let f = 114 + 318. Calculate the greatest common divisor of f and 48.
48
Suppose 0*z + 5*z - 3*d - 49 = 0, d = 2. Suppose -2*a + 72 + 44 = 0. Suppose 4*i + z = h + 2*i, i = 4*h - a. What is the greatest common factor of h and 75?
15
Let l(w) = -6*w + 2. Let t be l(-4). Let p = -82 + 86. Let k = p + t. Calculate the greatest common divisor of k and 12.
6
Let s = 127 - 82. Suppose -4*l = -2*l + 12. Let p be ((-3)/(-2))/((-1)/l). Calculate the highest common factor of s and p.
9
Suppose -460 = w + 5*k, -5*w + 4*k + 1516 = 3932. Let p be w/(-24) - 4/1. What is the highest common factor of 16 and p?
16
Let f be (5 + -7)/((-4)/752 - 0). What is the greatest common factor of 8 and f?
8